inder when b is divided by 33.
31
Let c = 13521 - 13370. Let g(z) = z**2 - 6. What is the remainder when c is divided by g(5)?
18
Suppose -95*p = -17288 - 21018 + 5816. Calculate the remainder when 1055 is divided by p.
29
Suppose 63 = 12*u - 5*u. Calculate the remainder when 54/(-9)*(-237)/u is divided by 32.
30
Suppose -22*m - 672 = -5*z - 18*m, 5*z + 4*m - 648 = 0. Calculate the remainder when z is divided by 31.
8
Suppose 0 = 25*x - 6588 + 1238. Suppose -6*o + 734 + x = 0. Calculate the remainder when o is divided by 27.
23
Let x(j) = j**2 + 54*j + 313. Calculate the remainder when x(-51) is divided by 99.
61
Let u(t) = 19*t - 17. Let c be u(1). Suppose 4*d - 402 = -d + c*p, 5*d = 5*p + 405. What is the remainder when d is divided by ((-123)/(-12))/((-1)/(-4))?
39
Calculate the remainder when (-2 + (-360)/(-10))/(2/5) is divided by 2/(-9) - (-6194)/171.
13
Let l = -4657 - -6140. What is the remainder when l is divided by 24?
19
Suppose 4*r - 7640 = -4*k, 608*k - 3*r = 609*k - 1918. Calculate the remainder when k is divided by 29.
21
Suppose -816 = -14*h - 82 + 288. What is the remainder when 290 is divided by h?
71
Let d(r) = 5*r - 33. Let l(z) = -4*z + 33. Let h(y) = 6*d(y) + 7*l(y). Calculate the remainder when (1 - -47)*(-22)/(-44) is divided by h(-10).
11
Suppose -2*m - 5*s = -8173, -2300 = -4*s - 2312. Calculate the remainder when m is divided by 15.
14
Calculate the remainder when 2159 is divided by ((-65)/(-10) - 6)*(5 - 8 - -51).
23
Let o(x) = 101*x. Let r be o(-5). Let d = -357 - r. Let f(s) = s**2 + 21*s - 371. Calculate the remainder when d is divided by f(12).
23
Let p(t) = 6*t**2 - 13 + 12*t + 0 - 17*t - t**3. Let u be p(4). Calculate the remainder when 46*(-4)/8*u is divided by 4.
3
Let j(d) = -d**3 - 9*d**2 + 530*d - 36. Suppose -7*x + 4*x = -588. What is the remainder when x is divided by j(-28)?
16
Let f = 182 - 182. Suppose 9*x = -f*x + 261. What is the remainder when x is divided by 13?
3
Let s be -2 + (6 + 2 - 1). Suppose 4*r = s*r - 150. Suppose -7*j = 3*j - r. What is the remainder when j is divided by 9?
6
Calculate the remainder when ((-1)/((-27)/(-21852)))/((-8)/12) is divided by 174.
170
Let o be ((-494)/(-6))/(7/63*-3). Let g = -143 - o. What is the remainder when g is divided by 27?
23
Suppose -3*u = 5*o - 2820, -5*o - 198 + 198 = 0. Calculate the remainder when u is divided by 30.
10
Let l = -217 - -212. Let v(a) = a**2 + 2*a - 11. Calculate the remainder when 7 is divided by v(l).
3
Let z be (-2*9/(-15))/((-2)/5). Let k(m) = -11*m - 4. What is the remainder when k(z) is divided by 19?
10
Let l = -5896 + 7978. Calculate the remainder when l is divided by 19.
11
Suppose -601 = -31*h + 608. What is the remainder when 308 is divided by h?
35
Let j(t) = -t**3 + 61*t**2 - 850*t - 295. Calculate the remainder when (-4)/8 + 37/2 is divided by j(39).
1
Calculate the remainder when (-14733)/(-2*((-11)/(-36) + 112/252)) is divided by 75.
72
Let c = 102 + -41. Suppose -8*o + 357 + 339 = 0. Let f = 108 - o. What is the remainder when c is divided by f?
19
Suppose -2*i = -22*i - 28*i + 26640. What is the remainder when i is divided by 276?
3
Suppose 61*g + 33*g - 476292 = 504786. Calculate the remainder when g is divided by 143.
141
Let b(s) = 2*s**3 + 5. Let o be b(2). Let j = 29 - o. Let f(a) = -a + 53. What is the remainder when f(-9) is divided by j?
6
Let f = 12 - -44. Suppose -3*p - 42 = -3*w, -w + 3 = 3*p - 15. Suppose a + w = 2*a. What is the remainder when f is divided by a?
11
Suppose -7*q + 374 = 1578. Let t = -58 - q. Let v = t - 81. What is the remainder when v is divided by 12?
9
Calculate the remainder when 2326 is divided by (5 - 23 - -16)/((-2)/8).
6
Let m(j) = 7*j**2 - 28*j - 149. What is the remainder when 341 is divided by m(-5)?
9
Let m = -25819 - -25862. What is the remainder when 3351 is divided by m?
40
Let x = 6 + -4. Let q(w) = 13*w**2 - 4*w + 4. Calculate the remainder when q(x) is divided by ((-30)/18)/(138/(-45) - -3).
23
Suppose 885 = 14*u - 781. Calculate the remainder when u is divided by 18.
11
Suppose -215*q + 1367573 - 381301 = 177*q. What is the remainder when q is divided by 72?
68
Suppose 13 = 4*t - x, 5*t + 3*x - 29 = -0*x. Suppose -d - t = -0*d, 4*d + 46 = 5*j. Calculate the remainder when j is divided by 4.
2
Suppose -10*h = -5879 + 549. What is the remainder when h is divided by 90?
83
Let k = 9676 - 9565. Calculate the remainder when 131 is divided by k.
20
Let x be (-6)/6 + -3 - -2. What is the remainder when 39 is divided by ((-3)/x)/((-21)/(-196))?
11
Suppose -295*q + 277*q = -2754. Calculate the remainder when 2446 is divided by q.
151
Let u = -834 - -269. Let n = 673 + u. Calculate the remainder when n is divided by 56.
52
What is the remainder when -3 + 21/6 + (-1017)/(-2) is divided by 16?
13
Suppose 116*d - 6122 - 1321 - 4969 = 0. Suppose 2*f - 12 = -2*m, 0*f - 12 = 4*f. What is the remainder when d is divided by m?
8
Suppose 4*b - 92 = 3*m - 31, 0 = -3*b - 5*m + 53. Suppose 1114*n = 1022*n + 6072. What is the remainder when n is divided by b?
2
Suppose -80 = -3*d - 20. Suppose 4*n - 52 = -w, -48 - d = -5*n - 2*w. What is the remainder when (-7 - (-360)/16)*2 is divided by n?
7
Let n(c) = c**2 + 2*c + 4. Let p be n(-2). Suppose p*v = w + 435, -w - 3*w = 5*v - 549. Let k = 191 - v. Calculate the remainder when k is divided by 21.
19
Suppose -11*y - 4182 = -22310. What is the remainder when y is divided by 118?
114
Let w(y) be the second derivative of -2*y**3/3 + 27*y**2 - 103*y. Let h = -3 - -5. Calculate the remainder when w(13) is divided by h.
0
Let w be 25/200 - (-62)/16. Suppose 787 = w*k - 105. Suppose 2*p = -3*q + 109, -4*p + k = -0*p + 5*q. What is the remainder when p is divided by 16?
14
Suppose -3*j = 4*m - 174, -2*j + m = -243 + 127. What is the remainder when 599 is divided by j?
19
Suppose 2*n = 5*d - 1, n = 5*d - 5 - 3. What is the remainder when 1534/(-177)*(2 + -12 + -2) is divided by n?
6
Suppose 20 = -c + 5*t + 39, 5*c + 4*t - 153 = 0. Let f = c - 16. What is the remainder when 64 is divided by f?
12
Let c(i) = i**3 - 8*i**2 - 25*i - 50. Calculate the remainder when c(12) is divided by 114.
112
Let i be ((-3 - -2) + -3)*1. Suppose 18*h = 548 - 242. What is the remainder when i/(-4 - -8) + 101 is divided by h?
15
Let z be (-4 - 3 - -5) + 6. Suppose 4*h - 12 = b, -5*b = z*h - 3 - 33. Calculate the remainder when (31/2)/(4/8) is divided by h.
3
What is the remainder when (-345)/6*(-42)/21 is divided by 30?
25
Let u be -4 + 3 + -30 + 4. Let o = -15 - u. What is the remainder when (-51)/(-68) + 18/8*57 is divided by o?
9
Let p = -753 - -763. Calculate the remainder when 507 is divided by p.
7
Suppose 2*w = g - 84, -2*g = 82*w - 80*w - 138. What is the remainder when 217 is divided by g?
69
Let m(b) = -2*b**3 - 12*b**2 + 15*b + 108. Calculate the remainder when 853 is divided by m(-8).
121
Let h(f) = -49*f - 4851. Calculate the remainder when 2299 is divided by h(-100).
45
Suppose 16*o - 224 - 176 = 0. What is the remainder when 746 is divided by o?
21
Let i(w) = -2*w**2 + 3*w**2 - 34 - 6*w - 6 - 3 + 2. Calculate the remainder when i(15) is divided by 24.
22
Let i = -14953 - -14991. What is the remainder when 11627 is divided by i?
37
Suppose 70 = 2*k - 110. Suppose 294*t - 143*t - 142*t = 225. Calculate the remainder when k is divided by t.
15
Suppose -27*z - 1986 = -32*z - b, 5*b = -20. Calculate the remainder when z is divided by 4.
2
Let g = -55 - -57. Let z be (62/(-4))/(g/(-4)). Let o = z - -24. Calculate the remainder when o is divided by 19.
17
Let q(a) = a + 25. Suppose -4*m = -0*m + 84. Suppose -91 - 4 = -5*l. What is the remainder when l is divided by q(m)?
3
Calculate the remainder when 696 - (12 - 7 - -7) is divided by 14.
12
Let b = -2907 + 4824. What is the remainder when b is divided by 96?
93
Suppose d = 3*v + 10, 5*v + 32 - 42 = -5*d. Suppose -q - d*k = -7, 18*k - 20*k - 2 = 0. What is the remainder when 93 is divided by q?
5
Let b(d) = -d**3 + 17*d**2 - 10*d - 23. Suppose 2*h + 5*t = 20, 5*t = -h + 5*h - 100. What is the remainder when b(16) is divided by h?
13
Calculate the remainder when ((-9)/(-15))/(32/72160) - -3 is divided by 226.
0
Let c be (-10)/5*(-1 - 14/4). Let l = -4 + c. Suppose -l*d = -3*d - 26. What is the remainder when 61